5 - -4).
27
Calculate (3167 - 3191) + 2 + 48.
26
What is 193 + -191 + -14 + 1 + -2 + 11 + 21?
19
What is -28 + 21 + (4 - -1) + -3?
-5
What is (-29 - (-27 - -22)) + (14 - 1) + -1?
-12
Calculate 80 + -51 - 6 - -33.
56
Evaluate -9 - ((264 - 390 - (2 + -38)) + (-1 - -3)).
79
22 + (-7 - 9) + -4 - -29
31
What is 9065 + -9125 + (-39 - -2)?
-97
Evaluate ((-42 - -30) + 38 - -33) + (0 - -3).
62
What is the value of -148 - -182 - (-17 - -8)?
43
What is -1108 + 1120 + (-45 - -2)?
-31
What is (-30 + 4 - -55) + 6 + 28?
63
What is the value of 19 + -11 + -1 + 0 + -12?
-5
What is the value of (-12 - (-5 + -6)) + (-6 - -3 - (-5 - -55))?
-54
Evaluate -59 - -25 - (-16 + -8) - 19.
-29
Evaluate (-124 - -204) + 0 + 0 + 15.
95
-32 + 13 + (-1 - 2) + -7 + (17 - 10)
-22
13 + -1 - (-266 - -242) - (17 + -2)
21
21 - 139 - (246 - 347)
-17
Calculate 21 + (31 - 9 - 45) - (1 + 0 - -87).
-90
Evaluate 2 - ((-2 - 1) + -6 + 11) - (74 + -19).
-55
Calculate -3 + 23 - (-289 + 257) - -17.
69
Calculate 12 + 19 + -102 + 6 + 12.
-53
(0 - 32) + (-217 + 184 - (-2 - 17))
-46
Calculate -16 + (11 - ((29 - 11) + -84)).
61
What is (2 + -1 - -46) + (15465 - 15594)?
-82
131 - (62 + 66) - (2 - 87)
88
What is the value of (-1654 - -1667) + (24 - (0 - 5))?
42
Evaluate 60 - (-63 + 27) - 206.
-110
What is the value of 289 + -263 - (47 + -13 - -7)?
-15
Calculate (207 - (-192 + 387)) + -24 + (1 - 2) + -112.
-125
Evaluate 41 + (15 - -1 - (213 + -188)).
32
What is the value of -2 - (-7 - 1 - (6 + -12 + -5))?
-5
-13 + -68 + -28 + 58 - (-13 + -2)
-36
What is 9 - (33 + 48) - -119?
47
What is (36 - 24 - 27) + -55?
-70
Evaluate 13 + -15 + 19 - 47 - -21 - -80.
71
What is 58 - 13 - (233 - 228)?
40
Calculate -3 - (59 + -11) - -50.
-1
What is the value of (16 - 3) + (-68 - -24)?
-31
Evaluate -7 + 70 + -44 + (1 - 39).
-19
Evaluate 384 - 239 - (85 + -10).
70
(34 + -34 - -50) + -135
-85
What is the value of -2670 + 2616 + (115 - -2)?
63
What is the value of 23 - 25 - -37 - (-34 - -1)?
68
0 + 3 - (136 + -165) - 86
-54
What is the value of (34 - (31 + -33 + 37)) + (1 - -1 - 50)?
-49
Calculate -1 - -1 - -40 - (49 - (36 + (-12 - -33))).
48
What is the value of (6 - -1) + -5 - (5 - -26)?
-29
12133 - 12128 - (32 + 3 + -4 + -2)
-24
Calculate 3 - (37 + (7 - 18)) - (-4 - 33).
14
Calculate 4 + -9 + (1 + 4 - 6 - (-41 + 33)).
2
Evaluate (14 - 67) + -61 + 75.
-39
Evaluate 2 - 3 - (52 + -65 + 7).
5
Evaluate 0 + 15 - (6 + 13 + -20 + 5).
11
What is ((-1 - 3) + -3 - -5) + -9 + 137 + -137?
-11
6 + -36 + 45 - 16
-1
-14 - (24 + (-15 - 132) + (8 + -3 - 4))
108
40 - (-18 + 7) - (-38 + 3)
86
26 - (16 - -17) - (7 - 1 - -66)
-79
What is -40 + (134 - 32) - 102?
-40
What is the value of (11 - -20) + -28 + -24 + 24?
3
What is the value of -1 + 48 + 62 + -178?
-69
Evaluate (15 - (17 + -8) - -115) + 22 + -6 + -1.
136
42 + -105 + 46 + -27
-44
What is the value of (-1 - (6 - (3 - 2))) + -15 + 23 + 1?
3
Evaluate -9 + 45 + (-45 - (22 - 45)).
14
Evaluate -17 + (15 + -9 + 3 - 57).
-65
What is -3 - (-5 + 2 + -4 + 2) - (-28 - 0)?
30
Calculate (-4 - (14 - 28)) + 30.
40
What is the value of 0 + 3 + -1 + (9 - ((9 - -1) + -8))?
9
-12 - (-18 - (-8 - 7) - 13) - 2
2
Calculate 140 + -199 + 70 - (2 + -34 + -2).
45
Calculate 44 + 12 + -1 + -8 + 2 + -158 + 156.
47
Evaluate 12 + -31 + -14 + 47 + (-2 - -3).
15
Evaluate -11 - ((-38 - -27 - -6) + -98).
92
Calculate -10 + (9 - (1 - -7 - (38 + -37))) - 27.
-35
What is the value of -37 + -5 - -51 - (1 + -18)?
26
What is 30 + -10 + 26 + (-32 - 3)?
11
3 - (14 - (6 - 3)) - (5 - (63 + -62))
-12
What is (-10240 - -10234) + (1 + -2 - -77)?
70
What is the value of -171 + 124 - -83 - (7 + -1)?
30
Evaluate 15 + 0 + 36 + -55.
-4
Calculate -32 + (2 - 14 - -12) + -31.
-63
What is (3 - (3 - (7 - 22))) + 19?
4
What is 83 - (6 - (-2 + -93))?
-18
What is -10 - -6 - 37 - ((-1 - -13 - 4) + -8)?
-41
What is the value of 2 - (-2 - (-4 + 8) - (-16 - (18 + -47)))?
21
What is the value of -153 + 168 + (-2 + -4 - (17 - 12 - 48))?
52
-12 - (-11 + (-10 - (11 - 40))) - -9
-11
0 - 5 - (6 - (15 + -7)) - (-158 + 147)
8
Evaluate -37 - (7 - (1 + 0 + -2) - (-340 + 345)).
-40
What is -3 + (-12 - (1 - 1)) - (-375 - -368)?
-8
What is 3 + 2 + (-14 - -28) + -16 - (-4 - 83)?
90
What is -33 + 80 + -116 + 174?
105
Evaluate -20 + 15 - 5 - (8 + -1 - 3).
-14
What is -183 + 34 + 63 + (0 - 2)?
-88
What is the value of (-51 - -2) + 66 + 73 + -95?
-5
What is the value of 0 - (-1 + 58) - (40 + -90 - -39)?
-46
73 + 0 + (28 - (-54 + 19 - -52))
84
What is 78 - (6 + -6 - 2) - (850 - 834)?
64
Calculate 8 - ((-16 - -3) + -25 + 23 + -66).
89
-8 + 1 + -5 + (4 - 9) + 8 + -46
-55
Evaluate (177 - 80) + (-20 - -5).
82
Calculate (-99 - -99) + -159 - -124.
-35
What is -125 + 137 + (2 - (4 - (28 - 2)))?
36
What is the value of 54 - (5 - -29 - -2)?
18
What is the value of 11 + -20 + 10 - (-34 + -18 - (-2 - -5))?
56
What is -6094 - -6081 - (1 - -30)?
-44
Calculate (-20 + (-9 - -15) - -1) + (-266 - -206).
-73
(1 - -111 - -1) + (-43 + 6 + 54 - 30)
100
Evaluate -9 + -51 + 56 - (12 - 6).
-10
Calculate (-4 - 39 - 6) + -105 + 102.
-52
50 + -12 + -62 - -11
-13
-10 - (-44 + 14) - 9 - 38
-27
Evaluate 47 - (-5 - 24 - (-29 + -5 + 18)).
60
Evaluate -2 + 9 + -5 + -17 - 8.
-23
What is the value of -33 + (27 - (-67 + 46))?
15
Calculate (-6 - -27) + (-61 - -11).
-29
Evaluate -25 + -1 + -414 + 400.
-40
Evaluate (-6 - (12 + -4 + (-9 - -9)) - -11) + -121.
-124
Evaluate 82 - (14 + (-38 - (2 + (-6 - -15) + -24))).
93
What is -44 + 25 + -4 + -6 + 22 + -35?
-42
Calculate -6 + (-5 - -7) - (2 + -18).
12
(30 - -1 - (-106 + 119)) + -76
-58
Calculate -98 - ((65 - 17) + -76).
-70
Evaluate 0 + 3 + -22 + (25 - 13).
-7
Calculate -6 + (-8 - 0) + (-26 - 0 - 3).
-43
Evaluate (33 + -65 - 2 - -6) + 102.
74
What is 32 - (101 + (-22 - -39)) - -22?
-64
Evaluate 88 + -1 + (31 - (27 + -24) - 45).
70
Calculate 1 + -2 + -481 + 441.
-41
-5 + -2 - (45 + -42) - ((10 - 3) + -3)
-14
What is the value of (1651 - 1616) + -1 + -29?
5
Calculate -44 - (-12 - (5 + (14 - 15 - 9))).
-37
What is the value of -103 + (-59 - (-92 + -29))?
-41
Evaluate -69 - ((21 - -1) + -69).
-22
Calculate -1 + (-13 + (9 - (15 - 7)) - 11).
-24
-11 + -3 + -17 + 1 + (0 - 11)
-41
What is 37 + (-70 - -25) + -16 - 33?
-57
What is (17 - (7 - 17 - -27 - 4)) + (-50 - 0)?
-46
Calculate 410 - 412 - (4 - -1) - -2.
-5
Calculate -90 - (47 + -10 + -94).
-33
What is the value of (-3 + -3 - ((1 - -15) + -18)) + -8?
-12
Calculate -4 - (-85 - (13 + (-70 - -76) + (2 - 22))).
80
-336 + 296 + (2 - -36) - (0 + -120)
118
(-10 - -31 - 8) + (-18 - 6) - 0
-11
What is -12 - (-27 + 39) - -1?
-23
Calculate -93 - (-37 + 34 + 31 + 8).
-129
Evaluate -6 - (-11 + 1 + 12 - 6 - -20).
-22
Evaluate 1 + -2 + -1 + 6 + -7 - -49.
46
What is 13 - 0 - (15 - (11 - (14 + (13 - 22))))?
4
Calculate (29 - 15 - (62 + 7 + -3)) + (-4 - 0).
-56
Evaluate -51 + 94 - 34 - (66 - 1).
-56
Evaluate -29 - (-68 + (13 - 6)).
32
What is the value of (92 - (64 + -42)) + -35?
35
Evaluate 5 + -7 + (-14 - -18) + 44.
46
Calculate 1 + (51 - (-4 - -25)).
31
Evaluate (25 - 3) + -35 + 32 - 26.
-7
What is -31 + 125 + -122 - -60?
32
107 + (-8 - (-20 + 78))
41
20 + 0 - (5859 - 5786)
-53
Calculate -36 + (65 - (1 - -42)).
-14
(387 - 400) + 41 + -4
24
What is -86 + (7 + 9 + 2 + 6 - 13)?
-75
-28 - (-18 + (19 - 12) - -35)
-52
Evaluate 19 - (0 - -14 - (16 + (-64 - -61))).
18
What is the value of 21 - (6 + 11) - (54 - (4 - (7 + -4)))?
-49
What is 4 - 36 - 6 - (-31 + -27)?
20
-66 - (-133 - -189 - 157)
35
Evaluate 11 - (0 - -10 - (-242 - -221)).
-20
448 + -393 - (-3 - -11)
47
What is 6 - (-3 + 1 - (-28 + 5 + 15)) - -8?
8
What is -171 - -128 - ((3 - 0) + -4)?
-42
Calculate (-9 - (0 - 0)) + (32 - (-16 + 20)).
19
Calculate 33 + (11 - 56) + 2 + (-1 - -4).
-7
What is (60 - (-3 + -29)) + -46?
46
What is 78 + -30 - -4 - 30?
22
Evaluate (-42 - (-11 - (5 + -10))) + (3 - -26) + -41.
-48
Evaluate -16 - (45 + -63 + -76).
78
What is the value of 23 - (-21 - (-90 - 1))?
-47
Evaluate 0 - (0 - (27 + (31 - 28))).
30
What is 11 - (-78 - 4) - (4 + 0 - (-49 + 46))?
86
What is the value of 32 + 0 - (220 + -208 + -27)?
47
What is the value of -96 + 29 + 11 + 24?
-32
3 - ((-14 + 2 - -20) + -46 - -17)
24
What is 32 - (-4 + 24 + (-26 - -9))?
29
(-3 - (-13 - -14 - -6)) + -36
-46
What is the value of -116 + 30 - (1 + 3 + 3 - -17)?
-110
What is the value of (-4 - 0) +